 4*y = -170, -2*n + 2*y + 66 = -0*n. What is the remainder when n is divided by (f/(-6) + -2)*-26?
12
Let b = 175 - 125. Calculate the remainder when 198 is divided by b.
48
Let c = -27 + 29. Calculate the remainder when 4 is divided by c.
0
Let k(l) be the second derivative of -l**4/12 - 7*l**3/6 - 5*l**2/2 - 3*l. What is the remainder when 20 is divided by k(-4)?
6
Let w be 6/8*(0 + 4). Calculate the remainder when ((-2)/w)/(2/(-78)) is divided by 14.
12
Let c(u) = 2*u**2 + 2*u - 7. Calculate the remainder when c(2) is divided by 2.
1
Suppose 2*x = 4*s + x - 217, 5*s + 4*x - 266 = 0. Suppose -w - 3*h - 2*h + s = 0, -348 = -5*w + h. Calculate the remainder when w is divided by 24.
21
Suppose 26 = 16*f - 15*f. Calculate the remainder when 75 is divided by f.
23
Suppose -113 = -5*o - 3*b, 3*b = o - 5 - 14. Let c = -159 - -167. Calculate the remainder when o is divided by c.
6
Let i be (-21)/2*(-12)/18. Let z(j) = j**3 - 6*j**2 - j + 6. Calculate the remainder when z(i) is divided by 17.
14
Let m(c) = c - 8. Let j be m(7). Let b be 6 + (j + 0 - 0). Suppose l + l - 4 = 0, 2*u - 12 = b*l. Calculate the remainder when 32 is divided by u.
10
Let n(b) be the third derivative of -2*b**2 + 0 + 1/2*b**4 + 1/120*b**6 - 1/3*b**3 + 0*b - 1/5*b**5. Calculate the remainder when n(11) is divided by 5.
4
Let v(h) = -h**2 - 18*h - 41. Calculate the remainder when 52 is divided by v(-14).
7
Let j(g) = 7*g**3 - 15*g**2 + 18*g - 15. Let u(t) = -3*t**3 + 8*t**2 - 9*t + 7. Let d(a) = 2*j(a) + 5*u(a). What is the remainder when 18 is divided by d(9)?
3
Suppose -4*m + 7 = -13. Suppose 2*t = 121 + 5. Suppose -m*f + t = -2. What is the remainder when f is divided by 5?
3
Let r(p) = p**3 + 7*p**2 + 4*p - 5. Let i be r(-6). Suppose -2*v = -1 - 1. Let m = i - v. What is the remainder when 11 is divided by m?
5
What is the remainder when -1*62*8/(-16) - -2 is divided by 17?
16
Let c = 31 - 24. Let t = -6 - -10. What is the remainder when c is divided by t?
3
Let v = -118 - -356. Calculate the remainder when v is divided by 40.
38
Let a(j) = j**2 - 5*j - 1. Let r = -6 + 13. What is the remainder when 38 is divided by a(r)?
12
Suppose 2 - 28 = -2*v + w, v - 31 = 5*w. Suppose -9 = -5*b - i, 2*i + 0 = -2*b + 2. Calculate the remainder when v is divided by 12/(-1)*(-1)/b.
5
Let a = -6 - -14. Let j be a/(-16)*0/(-1). Suppose j*x + 4*x = 104. Calculate the remainder when x is divided by 14.
12
Suppose -b = 3*x - 63 - 97, 5 = 5*b. Calculate the remainder when 105 is divided by x.
52
Suppose 3*z + 2*k - 13 = 0, -2*z = z - 4*k - 19. Suppose z*i = -f + 27, 0*i = -3*f + 3*i - 9. What is the remainder when f is divided by 2?
0
Let w = 231 + -176. Let j = 30 + -1. What is the remainder when w is divided by j?
26
Let g(u) = -6*u - 12. Suppose n - 3*b = -18, 0*n - 5*n = 2*b + 158. Let y = n - -49. Calculate the remainder when g(-8) is divided by y.
17
Let s(b) = -b**3 + 10*b**2 + 12*b + 9. What is the remainder when 6/(-4)*(-304)/12 is divided by s(11)?
18
Suppose 4*b - 148 = -4*l, -113 = -4*b + b - l. Calculate the remainder when b is divided by 11.
5
Let f(l) be the third derivative of l**6/120 - 7*l**5/60 + l**4/6 - 5*l**3/6 + 3*l**2. Calculate the remainder when f(7) is divided by 6.
5
Let i = 91 - 14. Calculate the remainder when i is divided by 5.
2
Let h(x) = x**3 + 7*x**2 - x + 15. Calculate the remainder when 108 is divided by h(-7).
20
Suppose -5*a + 460 = 5*t, 0 = 5*a - 0*t - 4*t - 505. Calculate the remainder when a is divided by 20.
17
Suppose -4*b - 9 = -7*b. Suppose -5*a + 85 = 5*z, 5 = a - b*z + z. Let o(l) = 12*l**2 - 2*l - 2. Calculate the remainder when o(-2) is divided by a.
11
Let i = 2 - 0. Suppose -i*t + 1 + 3 = 0. What is the remainder when 3 is divided by t?
1
Suppose 5*k + 10 = 0, 16*k = -3*w + 18*k + 49. What is the remainder when w is divided by 9?
6
Let k(c) = 4*c**3 - 2*c**2 - 3*c**3 + 6*c - 3*c**2 + 0*c**3. Let d(f) = 7*f + 1. What is the remainder when d(2) is divided by k(4)?
7
Let t(i) = 12*i**3 + i**2 + i + 1. Let c be t(-1). Let b = c - -16. Suppose -12 + 77 = 5*x. Calculate the remainder when x is divided by b.
3
Let p be (-8 - -2)/(-3) + -2. Let j(x) = p*x + x**2 + 0*x. Calculate the remainder when 10 is divided by j(-2).
2
Let v = -2 + 5. Suppose 3*h = 3 + v. Suppose -w = -4*y - 23, -4*w + y + h*y = -27. Calculate the remainder when 5 is divided by w.
2
Let j(s) = s**3 - 5*s**2 + 3*s + 7. Let n = -101 - -107. What is the remainder when j(5) is divided by n?
4
Suppose 0 = 4*s - 6*o + 4*o - 148, -3*s + 4*o = -111. Suppose 3*h = h + 40. What is the remainder when s is divided by h?
17
Let y(b) = 6*b - 2. Let i be y(-2). Let x be (-126)/49*i/3. Let w = x + 4. What is the remainder when 46 is divided by w?
14
Let b = 10 + -6. Suppose -b*a - 35 = 5*j, -2*a + 2 = 5*j + 27. Calculate the remainder when -1 - (0 + -15) - j is divided by 9.
8
Let m(j) = 6*j**2 + 6*j. Let z be m(-5). Suppose i + z = 6*i. What is the remainder when 93 is divided by i?
21
Let g = 53 + 1. What is the remainder when g is divided by 11?
10
Let s(l) = -2*l + 1. Let a be (-6)/(-18) + 20/(-6). What is the remainder when 11 is divided by s(a)?
4
Let a(g) = -22*g - 1. Suppose 0 = -4*f - f + 75. What is the remainder when a(-2) is divided by f?
13
Let o = -16 + 16. Suppose -2*p + 25 + 3 = o. What is the remainder when p is divided by 6?
2
Let o(p) be the third derivative of -p**5/60 + 7*p**4/24 + 13*p**3/6 + 10*p**2. Calculate the remainder when 8 is divided by o(8).
3
Let m = -17 - -24. What is the remainder when 10 is divided by m?
3
Suppose -3*g + 5 + 34 = 0. Let o(a) = a**3 + 9*a**2 - 11*a - 5. What is the remainder when g is divided by o(-10)?
3
Let f be (0/(0 - 4))/2. Suppose 5*h = -3*z + 75, f = 4*h - 5*z - 137 + 40. Calculate the remainder when 33 is divided by h.
15
Let x(w) = 51*w**3 - w**2 + 2*w - 1. What is the remainder when x(1) is divided by 18?
15
Suppose 0 = -5*i - 5*r + 10, 0 = -6*i + i + 4*r + 28. Let c be 1/(-3)*-3 + -2. Let t = c + 11. Calculate the remainder when t is divided by i.
2
Let m(j) = -j**3 + 4*j**2 - 3*j + 2. Let n = -7 - -10. What is the remainder when m(n) is divided by 1?
0
Suppose 0 = l + 3*h + 22, 4*l = 5*h - 2*h - 163. Let m be 9/(225/(-10))*60. Let p = m - l. Calculate the remainder when 37 is divided by p.
11
Suppose 4*r - 2*t - 9 + 3 = 0, 0 = -t + 1. Let o be 38/6 + 3/(-9). Calculate the remainder when r is divided by ((-4)/8)/((-3)/o).
0
Let o(j) = 11*j - 14. Calculate the remainder when o(10) is divided by 33.
30
Let u(m) = 13*m**2 + 2*m - 7. Let r be u(-5). Suppose -2*h = 2*h - r. Calculate the remainder when h is divided by 26.
25
Suppose 24 + 11 = 5*w. Suppose 3*y - 2*o + 74 = w*y, -5*o = -3*y + 75. Let i = 28 - -11. Calculate the remainder when i is divided by y.
19
Let p(d) be the first derivative of 2*d**3/3 + 2*d**2 + d - 2. Suppose 108 = -5*a + 353. Calculate the remainder when a is divided by p(-4).
15
Suppose 2*u - 35 = 3*z - 2*z, 0 = -3*z + 3. Calculate the remainder when 71 is divided by u.
17
Let m = -32 + 64. Let z = m + -17. Calculate the remainder when (82 + 2)/2 + 1 is divided by z.
13
Let o = -17 - -7. Let p = o + 21. What is the remainder when 21 is divided by p?
10
Suppose 0 = 4*u - 62 - 54. Let m(k) = k - 6. Let v be m(6). Suppose v*g - 30 = -2*g. Calculate the remainder when u is divided by g.
14
Suppose j - g - 42 = -3*j, 2*j - 4*g = 28. Let c(b) = -b**2 + 6*b**3 + b**2. What is the remainder when j is divided by c(1)?
4
Let q(g) = -g**3 - 8*g**2 + 9. What is the remainder when (18 + 0)*8/6 is divided by q(-8)?
6
Suppose 0*z - 66 = -5*f + z, 5*f - 2*z = 67. Suppose 17 = 4*v + 5*b, -3*b + 2*b = 4*v - f. What is the remainder when 6 is divided by v?
0
Suppose -6*m = -3*m. Let z = 3 - 0. Suppose -v - 5*t + 30 = m, -z*t - t + 30 = 2*v. Calculate the remainder when 8 is divided by v.
3
Suppose 322 = 5*h - 3*o, 4*h - 4*o + 16 = 280. What is the remainder when h is divided by 16?
14
Calculate the remainder when 28 is divided by (5 - 15/(-1))/2.
8
Let z = -41 - -84. Let c = 13 + -4. What is the remainder when z is divided by c?
7
What is the remainder when (-354)/(-5) + (-3)/(-15) is divided by 24?
23
Let l = 0 + 4. Let x(r) be the first derivative of r**3/3 - r**2/2 + r - 1. Calculate the remainder when x(3) is divided by l.
3